 is divided by 4061.
2047
What is the remainder when 4784423 is divided by 2299?
204
What is the remainder when 23305 is divided by 10571?
2163
Calculate the remainder when 7688923 is divided by 976.
971
What is the remainder when 7991907 is divided by 380566?
21
What is the remainder when 1275191 is divided by 356?
355
What is the remainder when 33354 is divided by 8214?
498
Calculate the remainder when 47952087 is divided by 1028.
1027
What is the remainder when 10218395 is divided by 513?
461
What is the remainder when 3271076 is divided by 12?
8
Calculate the remainder when 33314095 is divided by 586.
581
What is the remainder when 37326 is divided by 37277?
49
What is the remainder when 289792 is divided by 8769?
415
Calculate the remainder when 170090 is divided by 85039.
12
What is the remainder when 4799608 is divided by 4799607?
1
Calculate the remainder when 4235588 is divided by 107.
100
What is the remainder when 140217 is divided by 4696?
4033
What is the remainder when 3789516 is divided by 172?
12
Calculate the remainder when 91231640 is divided by 1350.
1340
Calculate the remainder when 279991 is divided by 915.
1
What is the remainder when 16731 is divided by 532?
239
Calculate the remainder when 10705218 is divided by 1847.
6
What is the remainder when 123324743 is divided by 201511?
11
Calculate the remainder when 5352425 is divided by 33.
23
Calculate the remainder when 823091 is divided by 411396.
299
What is the remainder when 10220111 is divided by 19?
11
What is the remainder when 31984 is divided by 592?
16
What is the remainder when 4566746 is divided by 16728?
2
What is the remainder when 9679827 is divided by 431?
429
What is the remainder when 13685989 is divided by 21?
16
Calculate the remainder when 1920544 is divided by 249.
7
What is the remainder when 73251146 is divided by 150?
146
Calculate the remainder when 773698 is divided by 2005.
1773
Calculate the remainder when 1041582 is divided by 2800.
2782
What is the remainder when 47570813 is divided by 2257?
24
What is the remainder when 580330 is divided by 580001?
329
Calculate the remainder when 16896161 is divided by 31.
14
What is the remainder when 198860521 is divided by 10411?
10
Calculate the remainder when 6390347 is divided by 278.
239
What is the remainder when 98223 is divided by 6285?
3948
Calculate the remainder when 18008740 is divided by 272856.
244
Calculate the remainder when 1885364 is divided by 8197.
54
Calculate the remainder when 460979 is divided by 460754.
225
What is the remainder when 756593121 is divided by 139?
136
What is the remainder when 26777315 is divided by 51894?
11
Calculate the remainder when 5849639 is divided by 5735.
5674
Calculate the remainder when 49327929 is divided by 12.
9
What is the remainder when 17814718 is divided by 120?
118
Calculate the remainder when 138036 is divided by 138013.
23
Calculate the remainder when 2276165 is divided by 195.
125
What is the remainder when 2729839 is divided by 2403?
31
Calculate the remainder when 19868973 is divided by 4261.
4191
Calculate the remainder when 668898 is divided by 21569.
259
Calculate the remainder when 1063727 is divided by 151956.
35
What is the remainder when 14806236 is divided by 4935409?
9
Calculate the remainder when 287808 is divided by 8993.
32
What is the remainder when 228223 is divided by 79?
71
Calculate the remainder when 2041316 is divided by 226678.
1214
Calculate the remainder when 454101 is divided by 56754.
69
Calculate the remainder when 269797 is divided by 1232.
1221
What is the remainder when 14179357 is divided by 260?
257
Calculate the remainder when 322809729 is divided by 5059.
5057
What is the remainder when 4844797 is divided by 1211181?
73
Calculate the remainder when 4039548 is divided by 147.
135
What is the remainder when 1137809 is divided by 10?
9
What is the remainder when 250350 is divided by 124224?
1902
Calculate the remainder when 128059797 is divided by 105.
12
Calculate the remainder when 18502525 is divided by 544191.
31
Calculate the remainder when 106734601 is divided by 79.
71
What is the remainder when 12951364 is divided by 25?
14
Calculate the remainder when 14431219 is divided by 73.
68
Calculate the remainder when 22465639 is divided by 11232818.
3
What is the remainder when 966900 is divided by 21975?
0
Calculate the remainder when 801318 is divided by 4.
2
What is the remainder when 33250606 is divided by 111?
1
Calculate the remainder when 388577 is divided by 128736.
2369
What is the remainder when 56414 is divided by 55770?
644
Calculate the remainder when 1035919 is divided by 35.
24
What is the remainder when 935224 is divided by 739?
389
What is the remainder when 43667453 is divided by 65?
63
What is the remainder when 9453 is divided by 1831?
298
Calculate the remainder when 26305077 is divided by 983.
980
What is the remainder when 7481070 is divided by 1637?
1617
What is the remainder when 74924446 is divided by 43?
42
Calculate the remainder when 1145144 is divided by 563.
2
Calculate the remainder when 33559 is divided by 16733.
93
Calculate the remainder when 1858158 is divided by 619339.
141
What is the remainder when 104785 is divided by 1541?
1538
What is the remainder when 6362232 is divided by 2007?
42
Calculate the remainder when 1530586 is divided by 15779.
23
Calculate the remainder when 1730200 is divided by 82390.
10
What is the remainder when 138781571 is divided by 46260520?
11
What is the remainder when 457069 is divided by 1232?
1229
What is the remainder when 1207012 is divided by 17000?
12
Calculate the remainder when 9446573 is divided by 54.
29
Calculate the remainder when 532544 is divided by 7.
5
Calculate the remainder when 865562 is divided by 2196.
338
What is the remainder when 712241 is divided by 137?
115
Calculate the remainder when 4869606 is divided by 7.
0
What is the remainder when 84058594 is divided by 5520?
34
What is the remainder when 2061549 is divided by 5648?
29
Calculate the remainder when 637590327 is divided by 13.
10
What is the remainder when 188994 is divided by 9922?
476
What is the remainder when 51601 is divided by 12809?
365
Calculate the remainder when 85363675 is divided by 6197.
0
Calculate the remainder when 3746375 is divided by 16.
7
Calculate the remainder when 20017 is divided by 3196.
841
Calculate the remainder when 45337 is divided by 4697.
3064
Calculate the remainder when 62914 is divided by 15007.
2886
What is the remainder when 33920 is divided by 703?
176
Calculate the remainder when 18344691 is divided by 153.
144
What is the remainder when 258616 is divided by 961?
107
Calculate the remainder when 445188 is divided by 445138.
50
What is the remainder when 1040652 is divided by 1339?
249
What is the remainder when 3273325 is divided by 2298?
973
What is the remainder when 3279932 is divided by 1639962?
8
What is the remainder when 899421 is divided by 899397?
24
What is the remainder when 370526 is divided by 30831?
554
Calculate the remainder when 147862 is divided by 446.
236
Calculate the remainder when 18246424 is divided by 18246422.
2
What is the remainder when 283453 is divided by 1658?
1593
Calculate the remainder when 2158741 is divided by 261.
10
What is the remainder when 4597468 is divided by 2298692?
84
Calculate the remainder when 60371076 is divided by 20123678.
42
Calculate the remainder when 3680 is divided by 1184.
128
Calculate the remainder when 13278430 is divided by 1455.
100
Calculate the remainder when 304220 is divided by 10862.
84
Calculate the remainder when 40938773 is divided by 5078.
5015
Calculate the remainder when 20077327 is divided by 2369.
52
Calculate the remainder when 2365 is divided by 116.
45
What is the remainder when 5132827 is divided by 4010?
27
What is the remainder when 1541665 is divided by 770796?
73
Calculate the remainder when 147444295 is divided by 1684.
1675
Calculate the remainder when 6203324 is divided by 6203268.
56
Calculate the remainder when 144208 is divided by 271.
36
What is the remainder when 503509 is divided by 993?
58
What is the remainder when 2923498 is divided by 41176?
2
What is the remainder when 23359653 is divided by 3305?
3218
What is the remainder w